be -1*((774 - 1) + 0). Let f = -2295 + a. Is (-1)/(-5 + f/(-614)) composite?
False
Let h = -98936 + 146160. Is 8 - h/(-5 - 3) prime?
False
Suppose 17*a = 30*a - 64*a + 1200081. Is a a prime number?
True
Let k = -150 - -157. Is -2*k/((-112)/1304) composite?
False
Suppose -5*q = -r + 4*r - 796881, 0 = -5*q + r + 796873. Suppose -7910 = -5*o + q. Is o a prime number?
True
Suppose -i + 4*u = -4, 3*i - 3*u = -u + 2. Suppose i = 17*c - 14*c - 9. Suppose -q + 1757 = -2*o, -6*q + c*q = o - 5278. Is q a composite number?
False
Suppose -4*b = 3*f + 10 + 11, -2*b + f = 3. Is (862/(-4)*b)/((-29)/(-58)) a prime number?
False
Let v = -999700 - -2238149. Is v composite?
False
Suppose -19 = -5*v + 1, v = 3*p + 4. Suppose -2*d - 13*d + 7395 = p. Is d a composite number?
True
Suppose -2*n + 55 = -61. Suppose n*s + 58814 = 60*s. Is s prime?
False
Suppose -4471 = 15*t + 1784. Let k = 889 + t. Suppose 1514 = 2*q - k. Is q prime?
False
Suppose h + 11675 = 4*w, -w + 2*h + 2652 + 272 = 0. Is w prime?
False
Suppose 0 = 2*q - 77 + 37. Let b(u) = 8*u**2 - 46*u - 43. Is b(q) prime?
True
Suppose -5*x = 21*u - 26*u + 234995, -4*u + 188000 = -3*x. Is u a prime number?
False
Let n = 118064 - -46025. Is n a prime number?
True
Let m = -52102 + 127163. Is m a composite number?
True
Suppose 2*f + f + q + 5790 = 0, -f + 2*q - 1930 = 0. Let l = 5919 + f. Is l a composite number?
False
Is ((-14)/(-2) + 182550/8)*4 prime?
True
Let b = 18074 - -9065. Is b composite?
True
Suppose 0 = 4*v + j - 3, 0 = 5*v - 3*j + 4*j - 4. Let r(m) = 3828*m - 7. Is r(v) a composite number?
False
Suppose -2*a + 5*t + 33024 = -452307, 2*t = -5*a + 1213255. Is a a prime number?
False
Suppose 0 = -3*o + 4*r + 800, 211 = -2*o - 4*r + 771. Suppose d - 306 - o = 0. Let j = d + 93. Is j a composite number?
True
Let n be (2/(12/22))/((-1)/(-3)). Suppose 2*h + 3 - n = 0. Suppose -h*q + 60 = 36. Is q prime?
False
Let b be (-2)/(-7) - (-4002)/7. Let w = 5686 + -5767. Let a = b + w. Is a a composite number?
False
Let d = -46145 + 140774. Is d a prime number?
False
Let y be 6 - (2 - (-2 + 3)). Suppose 972 = 5*j + 4*c, c = -y*j + 3*c + 954. Let k = j - 133. Is k composite?
False
Let p(s) = -s - 4. Let i be p(-10). Suppose -i = 6*c - 18. Suppose 0 = -c*y - 3*n + 419, 0 = -2*y - 0*y - 2*n + 420. Is y a prime number?
True
Let m(s) = -s + 9 + s**3 + 5*s - 9*s - 3*s**2. Let k be m(4). Suppose -k*x - 3*x + 6808 = 0. Is x composite?
True
Let y = 317 - 312. Suppose 0 = -y*j - 4*t + 6249, j + 5*t - 937 = 317. Is j a composite number?
False
Suppose 3*w - 21 = y, -11*w + 8*w + 5*y + 33 = 0. Is (9/36)/(w/271272) prime?
False
Let n = 97 + -3284. Let i = -1644 - n. Is i a composite number?
False
Let p = -137 + 193. Suppose 0*n + 2*n - 102 = 0. Suppose n*q = p*q - 1865. Is q a composite number?
False
Let d = 30239 - 3048. Is d a composite number?
False
Suppose -23*o - 10598024 + 43777525 = 0. Is o composite?
True
Let s(y) = 65*y**2 + 1. Let j be s(1). Let z = j - -82. Suppose 5*m = m + z. Is m a composite number?
False
Let c(y) = -389*y + 58. Let b be c(-8). Suppose i - 5*t - b = -4*i, 5*t = i - 630. Is i a prime number?
False
Suppose 3*a + g - 252012 = 153166, -5*a = -g - 675310. Is a a prime number?
False
Let w(z) = 24*z + 67. Let s be w(24). Suppose 3*i + 5*a = s, 0 = 4*i - 6*i + 3*a + 454. Is i a prime number?
False
Suppose 354910 + 594067 = 61*i. Is i composite?
True
Suppose -14*h + 19*h + 3*v - 65474 = 0, 0 = h - 5*v - 13078. Is h composite?
False
Suppose 4*g = 2*g - 4. Let s(x) = x**2 + 3*x + 4. Let y be s(g). Suppose 3*t = 3*k - 2673, 3*k = 3*t - y*t + 2677. Is k composite?
True
Suppose -19*h - d = -24*h + 643349, -4*h + 5*d + 514654 = 0. Is h composite?
True
Let z = -387 - -391. Suppose 3*x - 27400 = -c, z*x = -1 + 5. Is c a composite number?
False
Let w(d) = d**2 + 3*d + 4. Let v be -6 + -1 + 68/17. Let b be w(v). Suppose 4 - 3 = -x, -b*c - 3*x + 553 = 0. Is c a composite number?
False
Suppose 45 = -205*o + 200*o, -2*o - 7357223 = -5*m. Is m prime?
True
Suppose 35*i - 3075430 = -1139591 + 3239646. Is i composite?
True
Let f be 5631 + -2 + (1 - 3 - -1). Suppose 0 = -j - y + 2016, 2*y + f - 1584 = 2*j. Is j prime?
False
Let k = -19 - -22. Suppose 3*d = -3*r - 228, -k*r - d + 4*d - 216 = 0. Is r/(-4)*(35 - 13) a composite number?
True
Let h(g) = 26*g**2 - 7*g - 17. Suppose 0 = -3*y + 6, -6 + 2 = -3*b + y. Let c be ((-24)/9)/(b/(-3) + 1). Is h(c) composite?
True
Suppose 66*s + 56*s = 69*s + 1390243. Is s composite?
True
Suppose 2*s - 8*s + 41346 = -231036. Is s a composite number?
True
Let m(k) = 2552*k + 5013. Is m(5) composite?
True
Let h(r) = -r**3 - r + 1. Let u(t) = 4*t**3 + 6*t**2 - 3*t + 2. Let f(w) = 5*h(w) + u(w). Let k be f(5). Is k/(-12)*753/2 a prime number?
True
Let w(u) = 4 + 57 - 157*u - 73*u + 5. Is w(-16) prime?
False
Suppose -4*a + 4*d + 14 + 10 = 0, -d + 14 = 3*a. Let z be a + (-6)/3 - 0. Is (z/(3/1166))/(1 - -1) a prime number?
False
Is 1/5*155282*(-440)/(-176) a prime number?
True
Let t be 2/6 + (-832)/(-6). Suppose 5*w = -617 + 3292. Let u = t + w. Is u a composite number?
True
Let r be (-8)/10 - ((-4632)/40 + -2). Let h = 28 - 50. Let a = h + r. Is a a composite number?
True
Let r(s) = 291*s**2 - 54*s + 757. Is r(14) prime?
True
Suppose -2*d - 5*l = 2815, 4*d + 9*l + 5600 = 5*l. Suppose 5*v + 10 + 0 = 0. Is d/(-2) - 3/v composite?
True
Is 106 - 108 - 3931*-387 prime?
False
Let c be 2/(-4)*28/2. Is 2/c - (-2426208)/224 a composite number?
False
Let b(l) = -4*l - 2*l + 792*l**2 + 7*l. Let d be b(-1). Suppose -3*v + 538 = -d. Is v prime?
True
Suppose 4*u - 1557693 = -322393. Suppose -17*a + u = 8*a. Is a a prime number?
False
Suppose -21848 = -c + 5*h, h = 16 - 12. Suppose 3*b = 2*a - 5*a + 16425, -4*a = -4*b + c. Is b a prime number?
True
Let y(p) = -5*p**2 + p. Let s be y(-1). Let q(d) be the first derivative of -13*d**2 - 13*d + 306. Is q(s) a prime number?
False
Let v = 5 - 5. Let g(y) = 504*y + 16. Let d be g(5). Suppose v = -a - 3, 4*a + d = 4*k - 0*a. Is k a prime number?
True
Suppose -34354 + 7974 = -10*y. Suppose 2*v - 5*b = -118 + 1432, 0 = -4*v + 5*b + y. Is v prime?
False
Let t be (1/3)/((-203)/105 + 2). Suppose 77981 = 5*x + 7*u - t*u, -3*u = 3*x - 46794. Is x composite?
True
Let y(r) = 165*r**2 + r - 15. Let a be (0 - 6 - 6) + 7. Is y(a) prime?
False
Let m(c) = 337895*c**2 - 32*c - 89. Is m(-2) prime?
False
Let t be (-14)/(-4) - (-3)/(-6). Let z be (t - 2) + 2 + -1. Suppose -902 = -2*j - 3*l, 0 = z*j + 5*l - 571 - 339. Is j a composite number?
True
Let z(n) = -795 + 844 + 2174*n - 582*n. Is z(6) composite?
False
Let u be (2 - 1) + (-11)/11. Let q be (3 - 2 - u)/((-10)/(-50)). Let p(c) = -c**3 + 8*c**2 - 5*c - 7. Is p(q) a prime number?
True
Let s(j) = -19*j - 71. Let w be s(-5). Suppose 12389 = 3*r + 2*a, 2*r - 8258 = 23*a - w*a. Is r a composite number?
False
Is (-110)/(-1100) + 3856698/20 a prime number?
False
Let u = -34 - -38. Suppose u*x - 1678 = -5*w, -17*x + 22*x - w - 2112 = 0. Is x prime?
False
Let n be (385/(-2) - 5) + 1/(-2). Let b = 109 - n. Is b a composite number?
False
Let h be (-14)/(-21) - -4701*(-6)/27. Let t = h + 2307. Is t composite?
True
Is ((0 - -2309)*1/(-2))/(922/(-352204)) prime?
False
Suppose 75*v - 58*v = 3722082. Is 9/(540/v) + (-1)/10 a composite number?
True
Suppose -40 = 3*q + 2*m - m, 2*q = 4*m - 36. Is (1 - (-20)/q) + (-36650)/(-175) a composite number?
True
Suppose 0 = -24*r + 18*r - 36. Is 0 - -1*(10049 - r) a composite number?
True
Let n(a) = 165*a + 34 + 399*a - 9. Let r be n(5). Suppose 0 = -7*h + r + 28900. Is h a composite number?
True
Suppose 18 = 2*w + 4*w. Suppose r + 9813 = -p + w*p, -4*p - r + 19629 = 0. Is p a prime number?
False
Let f = -8 + 10. Suppose -f*a = 4*v - 4484, 845 = a - 4*v - 1409. Is a prime?
False
Let i be 2 + 1 + 3/(6/(-376)). Let t = i + 3. Let d = -41 - t. Is d prime?
False
Is ((-6)/(-8))/(141/13141012) a composite number?
False
Let j(p) = -1722*p + 14. Let c be j(-3). Suppose 6*v = 11*v - c. Let k = v - 187. Is k composite?
True
Let m(i) = 48*i - 42*i + 5 + 17*i**2 + 72*i**2. Let s be m(-1). Let h = s + -5. Is h composite?
False
Let l = -11053 + 55670. Is l composite?
False
Suppose -611197 + 1833159 = 5*a + 3*z, -3 = 3*z. Is a prime?
True
Let p be (-381915)/15*(-3)/9. Suppose 1172 = 13*x - p. Is x composite?
False
Let y(v) 